3)/9. Suppose f + 29 = 4*p. Calculate the remainder when 62 is divided by p.
20
Let t(a) = -17*a + 816. Suppose -3*m + 7 = -8. Suppose 75 = m*r - 2*q, -3*q = -2*q + 5. Calculate the remainder when t(47) is divided by r.
4
Let g = -258 + 748. Suppose 21*y - 3094 = -g. What is the remainder when y is divided by 55?
14
Let j(k) = k**3 - 8*k**2 - 12*k + 18. Let s be j(9). Let n be (-60)/(-5) - s/3. Suppose -16*h + 4 = -n*h. What is the remainder when 4 is divided by h?
0
Suppose -2*f = -y - 30, 0 = -5*f + 3*y - y + 77. What is the remainder when -1 + (-426)/(-10) + 76/190 is divided by f?
8
Let j = 49 + -47. Suppose j*b - 16 = -k - 3*k, -5*k = -5*b + 10. What is the remainder when 4 is divided by k?
0
Let s = 304 + -512. Calculate the remainder when 46 is divided by (-1 + -4)*s/65.
14
Suppose 0 = -2*z - w + 5*w - 2, -w = 4*z + 4. Calculate the remainder when (-54)/((-5)/3 + 1) is divided by (-558)/(-48) + z/(16/(-6)).
9
Calculate the remainder when 418 is divided by 18 + 77*(-66)/(-154).
10
What is the remainder when (30/(-25))/((-3)/5830) is divided by 146?
142
Suppose -11*n + 15*n = 8. Let m be n/((-175)/45 + 4). Calculate the remainder when 69 is divided by (-4)/m - (4 - (-1448)/(-36)).
33
Let t = -93 - -129. Suppose 0 = v - 51 - t. Calculate the remainder when v is divided by 5/(-15) - (-201)/9.
21
Let o = -540 - -948. Let d = 449 - o. Calculate the remainder when 116 is divided by d.
34
Let j(z) = -z + 31. Let q be j(11). What is the remainder when (-27 + q)*(-57)/7 is divided by 15?
12
Let v = -613 + 4678. What is the remainder when v is divided by 19?
18
Let p(u) = -2*u - 4. Let d(y) = -y + 26. Let h be d(32). Calculate the remainder when 13 is divided by p(h).
5
Suppose 3*n - 64 = -5*t + 12, 3*n = 2*t + 104. Calculate the remainder when 2973 is divided by n.
29
Suppose 0*h - 28 = -h - 2*l, -8*l = h - 16. Suppose -381 = -6*w + 3*w + 3*r, -4*r - 381 = -3*w. What is the remainder when w is divided by h?
31
Let d(t) = -t**2 - 14*t - 14. Let z be d(-12). Let x(g) = -18 + 25*g + 4 + 2 + z. What is the remainder when x(3) is divided by 15?
13
Suppose -5*i - 124 = -4*i + 5*y, -5*y - 228 = 2*i. Let k = 114 + i. What is the remainder when 507 is divided by k?
7
Let m(q) = 300*q - 2758. Calculate the remainder when m(10) is divided by 83/((1/(-1))/(-1)).
76
Let o(u) = u**3 - 2*u**2 + 2*u + 453. Let q be o(0). Let j = q + -397. What is the remainder when 167 is divided by j?
55
Suppose -135*r + 1874 = -2041. Calculate the remainder when 403 is divided by r.
26
Let s(w) = 24*w + 1. Let x be s(3). Suppose 0 = -63*o + 497 + 7. Let c = x + o. What is the remainder when c is divided by 22?
15
Suppose 235*w - 43*w = 1344. Calculate the remainder when 799 is divided by w.
1
Let z(y) = 894*y + 922. Suppose -u + 16 = -14. Let t = u - 19. What is the remainder when z(-1) is divided by t?
6
Suppose -6 = -4*a - 22, -2*i + 1018 = -2*a. What is the remainder when i is divided by 133?
106
Suppose -408 - 51 = -9*l. What is the remainder when 132 is divided by l?
30
What is the remainder when (-110)/6*(7 + 408/(-30)) is divided by 39?
4
Let r = -1626 - -2893. Calculate the remainder when r is divided by 629.
9
Suppose 3*u - q = 3317, -3*q = -3*u - 7*q + 3292. What is the remainder when u is divided by 85?
84
Suppose 111*w = 83*w + 2184. Let h be 9/45 - 392/10. What is the remainder when 19 is divided by 12/w + (-579)/h?
4
Suppose -5*b - 13 = -n, -5*n + 2*b = -4*n - 13. What is the remainder when 19 is divided by n?
6
Let s = -624 - -1511. What is the remainder when s is divided by 8?
7
Let k(g) = 825*g**3 + 11*g**2 - 18*g + 2. Let j be k(-6). Let v = 47 - 24. Calculate the remainder when j/(-1558) - (-1)/(-19) is divided by v.
22
Let h(m) = m**3 - 7*m**2 - 18*m. Let y be h(9). Suppose -65*r + 74*r - 216 = y. Calculate the remainder when 41 is divided by r.
17
Suppose 0 = -9*l + 14*l - 90. What is the remainder when 68 is divided by 1*3/9 + 210/l?
8
Let o(j) = j**3 - 4*j**2 + 8*j - 22. Let y be -1*1 + -4 - (-256 + 247). What is the remainder when 28 is divided by o(y)?
8
Let q(t) = 10*t**2 + 69*t + 7. Let i be q(-7). Let j(v) = -v**2 + 17*v + 9. Calculate the remainder when 287 is divided by j(i).
32
Let k = -2187 - -2689. Calculate the remainder when k is divided by 9.
7
Suppose -13*z = -30*z + 221. Let m(o) = o - 2. Let k be m(4). Suppose k*l - 6*l + 16 = 0. What is the remainder when z is divided by l?
1
Let z(s) = -69*s + 295. What is the remainder when 1936 is divided by z(4)?
17
Let l = 12 + -18. Let c = -17 - l. Calculate the remainder when (c/(-4))/(8/160) is divided by 8.
7
Let u be ((-1)/(-7))/((-5)/(-175)). Suppose -75 = -u*f - 5*j, f + 5*j = -3*f + 60. Calculate the remainder when (0 - 3)*(-148)/6 is divided by f.
14
Let d = -39218 + 39268. Let l = 5 - 3. Suppose s = -2*b + 32, 16 = l*b - 4*s + s. Calculate the remainder when d is divided by b.
8
Suppose -2044*m - 1610 = -2054*m. Calculate the remainder when m is divided by 27.
26
Let a(g) = -g**2 + 63*g - 197. What is the remainder when a(37) is divided by 77?
72
Let c(o) = 5*o + 58. Let r(d) = -d**3 + 2*d**2 - d + 5. Let x be r(3). Let z = 0 - x. Calculate the remainder when z is divided by c(-11).
1
Let l(i) = 2*i**2 - 4*i - 2. Let n be l(-1). Suppose n*d = -z + 91, 23 = 3*d + 5*z - 24. What is the remainder when d is divided by 16?
8
Let f = 314 + -308. Calculate the remainder when (6 + -5)*f - -125 is divided by 11.
10
Let a(y) = -23*y + 80. Let z be a(3). Suppose -4*d - l = -6, 3*d + 14*l - z*l = 0. What is the remainder when (-10)/(-3) - 3/9 is divided by d?
1
Let p(q) = -47*q - 11. Let d be p(3). Let y = d + 288. Suppose y + 176 = 3*x. Calculate the remainder when x is divided by 15.
14
Suppose 369*r + 6 = 370*r, 0 = v - 3*r - 12593. What is the remainder when v is divided by 7?
4
Suppose 3*q + z = 5*q + 8, 5*z = 2*q + 16. Let j(m) = m**3 + 5*m**2 + 2*m - 2. Suppose -182*l = -179*l - 87. What is the remainder when l is divided by j(q)?
9
Suppose -4*a = a - 165. Suppose 7*u = 14*u - 210. Let p = -13 + u. What is the remainder when a is divided by p?
16
Suppose 0 = -3*o + 33 + 48. Let g(l) = -2*l**2 + 23*l + 1. Let d be g(20). Let z = 353 + d. What is the remainder when o is divided by z?
13
Let o(b) = 85*b - 5345. Calculate the remainder when 1339 is divided by o(63).
9
Let i(u) = -7*u + 13. Suppose 2*d + o = 45, 5*d - 111 = -4*o + o. Calculate the remainder when d is divided by i(-1).
4
What is the remainder when (13 + 971)/(6/9) is divided by 135?
126
Let m(i) = 3*i**3 - 4*i**2 + 4*i - 4. Calculate the remainder when ((-112)/24*(10 + -13))/((-4)/(-74)) is divided by m(3).
47
Let r = -6195 - -7265. Calculate the remainder when r is divided by 277.
239
Suppose 4*f + 33 = 2*t + 27, 4*t - 17 = 3*f. What is the remainder when 1157 is divided by t?
2
Let o be (-3*7/42)/(3/18). What is the remainder when (-345)/10*20/o is divided by 21?
20
Let i(l) = -l**3 - 9*l - 5. Suppose x = 281 - 285. What is the remainder when i(x) is divided by 16?
15
Suppose 2*f + 153 = 5*f + b, 0 = -3*f + 2*b + 135. What is the remainder when 820 is divided by f?
36
Let u(x) = 79*x + 2471. What is the remainder when 252 is divided by u(-31)?
10
Let b(j) = -j**3 - 5*j**2 - 2*j + 31. Let q = 880 + -886. Calculate the remainder when b(q) is divided by 28.
23
What is the remainder when 782 is divided by (-5012)/63*((-18)/4 - 0)?
66
Suppose 151 = u + 3*g, 3*u + 8*g - 4*g = 478. Let f = -145 + 186. Calculate the remainder when u is divided by f.
2
Suppose -19*b - 30*b + 294 = 0. What is the remainder when 13 is divided by b?
1
Let q(h) = -8*h - 58. Let p be q(-8). Let i(w) = w**3 - 6*w**2 - 5*w + 41. What is the remainder when i(p) is divided by 2?
1
Let c = 4957 + -4931. Calculate the remainder when 2896 is divided by c.
10
Let d = -1 + 4. Let s be (8/28 - 2)*(-420)/24. What is the remainder when 612/s + d/5 is divided by 11?
10
Let n(r) = 11*r. Let s be n(0). Suppose 5*c + 5*l - 8*l - 678 = 0, -c + 3*l + 126 = s. Calculate the remainder when c is divided by 47.
44
Let v = -56742 - -57103. Calculate the remainder when v is divided by (-2)/(-8) + 220/16.
11
Let z be (-4)/10 - 51/(-15). Let a(d) = -7 + 0*d**2 - z*d - d + d**2 + 5*d. Calculate the remainder when a(-10) is divided by 21.
20
Let s = 8 + -1. Let c = 757 + -739. Suppose